*s - 2*s - 6, 0 = 2*j - 3*s - 22. What is the remainder when j is divided by 3?
2
Let b = -202 - -233. What is the remainder when 119 is divided by b?
26
Let u be (-6 - 5)/(2/(-2)). Suppose -3*r + u = -10. Let n = r + 7. What is the remainder when n is divided by 4?
2
Calculate the remainder when 196/4 + (8 - 3) is divided by 29.
25
What is the remainder when 32 - ((-15)/7 + (-6)/(-42)) is divided by 6?
4
Suppose -2*v + 4*p - 304 = -1008, -v + 322 = 4*p. Calculate the remainder when v is divided by 23.
20
Let h = -2 + 9. What is the remainder when h is divided by 3*(-15)/(-18)*2?
2
Let a = 54 - 46. Calculate the remainder when 16*-1*(-1 - 6/a) is divided by 16.
12
Let u = -1 + 15. Let v be (-45 - -6)/((-9)/6). Suppose -3*r + v = -2*r. What is the remainder when r is divided by u?
12
Suppose -3*v + 16 + 11 = 0. Let n(h) = h**2 + 3*h + 8. Let q be n(-5). Let b = q + 14. What is the remainder when b is divided by v?
5
Let r be 7*(0/(-2) - -1). Suppose -2*a = -r - 25. What is the remainder when 60 is divided by a?
12
Let h(x) = x**3 + 7*x**2 - 17*x + 18. Let l be h(-9). Suppose 3*k = -l, 4*y + k + 0*k = 17. What is the remainder when 10 is divided by y?
0
Let v be (-5)/(30/(-4))*642/4. Suppose 3*f = 2*m + 4*f - v, -5*m + 4*f + 235 = 0. Calculate the remainder when m is divided by 27.
24
Let h(b) = b**3 - 3*b**2 - 3*b + 2. Let n be h(2). Let i(c) = c + 19. What is the remainder when 63 is divided by i(n)?
8
Let k = 315 + -289. What is the remainder when 77 is divided by k?
25
Let t = -325 - -404. What is the remainder when t is divided by 29?
21
Suppose -3*x + 0*x - c + 6 = 0, 4*c = -4*x. Suppose 24*z - 25*z + x = 0. Let n(u) = u**2 + 4*u + 5. What is the remainder when n(-4) is divided by z?
2
Let j be -4*(0 - (-9)/12). Let m = 16 - j. Calculate the remainder when m is divided by 10.
9
Let k = 906 + -867. Calculate the remainder when 154 is divided by k.
37
Suppose 0 = 4*a - 5*j - 169, 3*j = 2*a - 71 - 16. What is the remainder when a is divided by 7?
1
Suppose -79 = -3*g + 20. What is the remainder when 52 is divided by g?
19
Let s(i) = -7*i + 13. Let u be s(-5). Let t = u + -31. What is the remainder when 48 is divided by t?
14
Let o(g) = g**3 - 12*g**2 - 31*g + 67. Calculate the remainder when o(16) is divided by 152.
139
Let b(c) = 2*c**2 - 4*c - 3. Let u be b(6). Let x be (-8)/(-6)*(8 - -1). Calculate the remainder when x/((u/(-20))/(-3)) is divided by 7.
2
Suppose 2*b + 0*k = k + 134, -2*b + 2*k + 136 = 0. What is the remainder when (b - 1)*(8 - 7) is divided by 22?
21
Let q = 1903 + -1890. Calculate the remainder when 0 + (0 - 32)/(-2) is divided by q.
3
Let c(d) = d**2 - 4*d - 11. Suppose 4*k + k = 35. Let g(x) = -x**3 + 5*x**2 + 2*x + 3. Calculate the remainder when g(3) is divided by c(k).
7
What is the remainder when 99 is divided by (17/2)/17 - (-201)/6?
31
Let p(t) = -t**3 - t**2 + 3*t + 2. Let z be p(-2). Suppose -4*x = -4*k - 44, x + 0*x + 1 = z. Calculate the remainder when (-1)/(k/8)*12 is divided by 5.
3
Let w(v) = 355*v + 2. Calculate the remainder when w(1) is divided by 20.
17
What is the remainder when 2 - ((-6)/3)/((-4)/(-72)) is divided by 20?
18
Suppose 57 = 23*s - 19*s - 5*t, 0 = 3*t + 3. Calculate the remainder when 413 is divided by s.
10
Let w = -12 + 33. Suppose 1089 = 10*i + 509. Calculate the remainder when i is divided by w.
16
Suppose 1267*o - 1258*o - 63 = 0. Suppose 7*n = 6*n + 11. Calculate the remainder when n is divided by o.
4
Let z = 58 - 22. Suppose -2*o = -5*o + 4*a + 30, -36 = -4*o + 4*a. Suppose o*q + 65 = 11*q. Calculate the remainder when z is divided by q.
10
Let p(h) = -3*h**3 - 5*h**2 + 9*h + 19. Let f(q) = -q**3 - q**2 + 2*q + 5. Let r(y) = -9*f(y) + 2*p(y). Calculate the remainder when r(3) is divided by 22.
21
Suppose -413 = -19*p + 1791. Suppose -9*a - p = -11*a - 2*t, -20 = -5*t. Calculate the remainder when 159 is divided by a.
51
Let v(p) = p + 1. Let c be v(4). Suppose c*a = 8*a - 9. What is the remainder when 8 is divided by a?
2
Let k be (-4*45/(-6))/2. Let y = -10 - -11. What is the remainder when (20/(-25))/((-6)/k) is divided by y?
0
Let l = -3 - -4. Let q(r) = 6*r - 1. Let c(y) = 8*y**2 + 10*y - 4. Calculate the remainder when c(-2) is divided by q(l).
3
Suppose 50 = f - 4*z, -269 = 3*f - 8*f + z. Let c = 705 + -690. Calculate the remainder when f is divided by c.
9
Suppose -20 + 168 = -4*r. Let g = r - -39. Calculate the remainder when 18 is divided by g.
0
Let v(i) = -17*i**2 + 3*i + 2. Let o be v(4). Calculate the remainder when 22 is divided by o/(-21) - 10/35.
10
Let v = 46 + -32. Let h(c) = c**3 - 13*c**2 - 13*c - 9. Calculate the remainder when 27 is divided by h(v).
2
Suppose 15 = -5*g, 5*p + 2*g - 27 = 17. Let t be (-100)/30*(-12)/p. Suppose t*v = -5 + 73. What is the remainder when 49 is divided by v?
15
Let n(x) = -x**3 - 16*x**2 - 15*x. Let o be n(-15). Suppose o = -31*q + 27*q + 120. Calculate the remainder when 88 is divided by q.
28
Let d(c) = c**2 - 8*c + 17. Let r be d(7). Calculate the remainder when (-3)/15 - (-522)/r is divided by 15.
7
Suppose -2*i + 32 = -5*x, i - 2*x = 3 + 11. What is the remainder when 56 is divided by i?
2
Suppose 21 = -8*q + 9*q. Let g = -10 - -8. Calculate the remainder when (-985)/(-25) + g/5 is divided by q.
18
Let l = 136 + -80. Suppose 3*g - l = -g. Suppose 7 = p - g. What is the remainder when 82 is divided by p?
19
Suppose 3*i = 4*s - 12, 3*s - 2*i = -2 + 11. Suppose 2*r - 10 = 3*t, -5*r - 15 + 40 = -s*t. What is the remainder when 11 is divided by r?
1
Let l = -34 + 86. Let u(o) = o**2 - 12*o - 10. Let x be u(13). Suppose 2*y - 4*j - 15 = 9, -2*y + l = x*j. Calculate the remainder when y is divided by 11.
9
Let s = -37 - -95. Let l = s - 25. Calculate the remainder when 64 is divided by l.
31
Calculate the remainder when 26 is divided by (-86)/(-6) + 39/(-117).
12
Let r = 0 + 11. Let o(b) = 11 - 14*b + 39*b - b**2 - 14*b. Calculate the remainder when o(10) is divided by r.
10
Let h(s) = -14*s**3 + 2*s**2 - 2. Suppose a = -0*a + 39. What is the remainder when a is divided by h(-1)?
11
Let n = 763 - 671. What is the remainder when n is divided by 48?
44
Let c(h) = 11*h - 104. Calculate the remainder when 181 is divided by c(15).
59
Let s(g) = -g + 17. Suppose 40 + 6 = -2*v. What is the remainder when 117 is divided by s(v)?
37
Suppose -559 - 2448 = -31*g. What is the remainder when g is divided by 11?
9
Calculate the remainder when 101 is divided by (2 + 0)/(8/148).
27
Let c(s) = -s**3 + 3*s. Let o(b) = 20*b - 3. Calculate the remainder when c(-5) is divided by o(2).
36
Let y = -233 + 238. Calculate the remainder when 92 is divided by y.
2
Let y = -4 + -11. Let m = -13 - y. Calculate the remainder when 70 is divided by 0/m + 4*6.
22
What is the remainder when 242 is divided by 58 - (105/(-25) - (-3)/15)?
56
Suppose -a = 5, 3*x - a - 35 = -2*x. Calculate the remainder when 21 is divided by x.
3
Suppose 5 = 5*q, -4*n - 2*q = -6*n - 68. Let h = -7 - n. Let u(z) = z + 7. What is the remainder when h is divided by u(0)?
5
Let t(b) be the first derivative of -b**4/4 + 11*b**3/3 + 15*b**2/2 + 9*b + 22. What is the remainder when t(11) is divided by 25?
24
Let i = -87 + 104. Suppose 0 = 4*z - 2*c - 122, 3*z - 3*c = -c + 89. Calculate the remainder when z is divided by i.
16
Suppose 26*g = 247*g + 50*g - 4607. Let r(m) = 7*m + 1. Calculate the remainder when r(4) is divided by g.
12
Suppose 10*k - 15*k = -160. Calculate the remainder when 757/6 + 11/(-66) is divided by k.
30
Let o(a) = a**2 + 8*a + 5. Suppose 24*b = 20*b + 20. Let c = -3 - b. Calculate the remainder when o(c) is divided by 4.
1
Let f(c) = c**3 - 4*c**2 + 27*c - 206. What is the remainder when f(7) is divided by 36?
22
Let n = 27 - 14. Let r = n - 10. Suppose 0 = -4*q + r*o + 123, 0 = 5*q - 0*o + 2*o - 148. Calculate the remainder when q is divided by 11.
8
Let m(r) = -9*r - 16*r - 2 + r. What is the remainder when m(-2) is divided by 24?
22
Suppose 9*l = 5*f + 878, f + 185 = 2*l - 10. Calculate the remainder when l is divided by 53.
44
Suppose -5*m - 3*c = -50, 2*m + 45 = 7*m + 2*c. Calculate the remainder when -4 + (11 - (-1 + -3)) is divided by m.
4
Let b(m) = -14 - 2*m + 41 - m. What is the remainder when b(-7) is divided by 13?
9
Suppose 4*t = 394 - 342. Let r = 0 - -49